 - 34*o. What is c(-5)?
4
Suppose 0 = -3*p, -4*a - p - 5 + 13 = 0. Let c(f) = 18*f**2 + 14*f**a - 4 - f - 33*f**2 + 6*f. Give c(3).
2
Suppose -9 + 3 = 3*l. Let a(f) be the second derivative of -1/3*f**3 + 0 - 1/6*f**4 - 48*f + 0*f**2. Determine a(l).
-4
Let i(j) = -6*j + 1. Let r = 701 - 376. Let s = r - 331. Determine i(s).
37
Let d(f) = -13*f**3 + 3*f**2 - 6*f + 11. Let c(h) = -16*h**3 + 4*h**2 - 7*h + 11. Let t(x) = 4*c(x) - 5*d(x). Give t(0).
-11
Let h(o) = -o + 3. Let p(n) = -2*n**3 - 11*n**2 + 9*n - 83. Let u be p(-7). Give h(u).
2
Let b(x) = 0*x**2 + 55 + 8*x - 2*x**2 + x**2 + 5. Let n be b(12). Let r(i) = i**3 - 12*i**2 - i + 12. What is r(n)?
0
Let w(a) = -a**3 + 9*a**2 + 12*a - 3. Let d(l) = -2*l**2 + 29*l - 94. Let y be (50/75)/(2/24). Let q be d(y). Give w(q).
17
Let j = 43 - 34. Let q be 0 - (4 - (-3 - -9)). Let m(i) = i**2 - 8*i**2 + j*i**2 + i - 7*i**q. Give m(1).
-4
Suppose 0 = 2*y + 8 + 14. Let t(l) = 157*l**2 + 7 + 1 - 70*l**2 - 60*l**2 - 26*l**2 + 15*l. What is t(y)?
-36
Suppose -28*a + 26 = -56 + 26. Let d(p) = 5*p**3 + 2*p**2 - 3*p - 2. Determine d(a).
40
Let l(v) be the second derivative of v**4/12 + v**3/6 - 3*v**2/2 + 2*v. Suppose 8*c - 2*u = -10 - 28, 2*u = c + 3. What is l(c)?
17
Suppose 35 = r + 4*c, 5*r - 100 = -4*c + 11. Let p(d) = 11*d - 2 + r*d - 28*d - 9. Give p(4).
-3
Suppose y = -4*q - 25, y - 2*y = 5. Let r(f) = -5*f**2 - 53*f + 968. Let n(t) = -3*t**2 - 32*t + 589. Let x(v) = -23*n(v) + 14*r(v). Determine x(q).
10
Suppose 5*m = 2*h - 116, 3*h + 0*m - m - 174 = 0. Let r = 60 - h. Let p(x) = -5 + 4 + 3*x + 5*x - 7*x - 4*x**r. What is p(1)?
-4
Let s(t) be the second derivative of t**5/20 - 5*t**4/12 - 2*t**2 + 644*t. Calculate s(5).
-4
Let g(x) = 3*x - 1. Let j be g(1). Let a(v) be the first derivative of -2*v - 7*v**j - 2 + 8*v**2 + 1 + 12. What is a(6)?
10
Let t(q) = -29*q**3 - q**2 + 4*q - 5. Let p be (-17 + 23)*(-6)/(-126) + 10/14. Calculate t(p).
-31
Let y be ((-531)/1239)/(2/14). Let b(s) = -3*s**3 - s**2 + 2*s**3 - 4 + 5*s - 6*s. Determine b(y).
17
Let p be 9975/1900 + (-2)/8. Let u(m) = m**3 - 5*m**2 + 5*m + 6. Determine u(p).
31
Let z(l) = 5*l**2 + 7*l - 164. Let k(b) = -14*b**2 - 23*b + 480. Let p(w) = -6*k(w) - 17*z(w). Give p(8).
-4
Let o = -457 - -449. Let t(j) = -j**2 - 8*j + 6. Calculate t(o).
6
Let b be -23 + -1 - (-410 + 391). Let x(g) = -2*g**2 - 19*g - 46. Give x(b).
-1
Let w(f) = 2*f - 5 - 3*f + 8*f - f - 5*f. Suppose a - 2*i = 15, -4*i - 15 = -0*a + a. Suppose 3*g - 9 = 3*t, -t = a*g - 0*g + 27. Calculate w(t).
-12
Let k(b) be the first derivative of b**2/2 + b + 6. Let v(z) = z**2 - 4*z + 7. Let l be v(4). Let f(a) = -a**2 + 16*a - 55. Let u be f(l). Determine k(u).
9
Let u = -32 - -29. Let k(o) = -4*o + 7. Let p(d) = -6*d + 10. Let m(v) = -7*k(v) + 5*p(v). Determine m(u).
7
Let w = -318 - -466. Let u(j) = -w + j - 148 + 314. Determine u(0).
18
Let b(s) be the first derivative of -11*s**2 - 51*s + 4510. What is b(-2)?
-7
Let g(m) be the second derivative of -m**4/4 - 2*m**3/3 - 5*m**2 - 1004*m. Determine g(-4).
-42
Let d(s) be the third derivative of s**4/8 - 4*s**3 - s**2. Let l be 303/60*2 - (8911/(-190) - -47). Give d(l).
6
Let q be (12/14)/(1/7). Let d be -4 - -5 - (q - 1). Let o(b) be the second derivative of b**3/6 + 5*b**2/2 - 20*b. Calculate o(d).
1
Suppose -40 = -3*w - 2*h, w - 6*w = 3*h - 68. Let r be (-18)/42 - (-327)/(-21). Let x = r + w. Let z(b) = b**2 + 14. Give z(x).
14
Let r be (-156)/60 + ((-12)/10)/3. Let u be (r - 3) + 4 - (2 - 6). Let q(c) = c + 9 + 6*c + 8*c**2 + u - 1 + c**3. Give q(-7).
10
Suppose 5085 = 9*d + 5031. Let n(z) = 113*z - 680. Give n(d).
-2
Let x be (2/3)/(1022/336 - 3). Suppose -x*o = 116 - 68. Let d(h) = h**2 + 3*h + 5. Calculate d(o).
5
Let r(d) be the second derivative of -d**3/6 + 13*d**2/2 - 40*d + 46. Let x be 2/2 + 1 - 2. Calculate r(x).
13
Suppose -179*n + 175*n = -2820. Let r = -698 + n. Let h(y) = 5 + y**3 - 8*y**2 + 3*y + y + 5. Calculate h(r).
-11
Let j = 37 + -28. Let k(y) = -4*y - 18 + j*y + 7 + 8. Let i be (-40)/(-15) + 6/(-9). What is k(i)?
7
Let a be (-9 + 18 - 23)/(2/(-2)*1). Let c(l) = 8 - l - 18 + 31. What is c(a)?
7
Let o(t) be the first derivative of -7*t**2/2 + 8*t - 144. Let x(j) = -15*j + 20. Let b(i) = -9*o(i) + 4*x(i). Calculate b(-5).
-7
Let s(g) be the second derivative of -1/6*g**3 + 1/12*g**4 + 2*g**2 - 10 + 3*g. Give s(3).
10
Let w(x) = x**3 + 6*x**2 + 11*x + 22. Let j = -3976 - -3972. Calculate w(j).
10
Let h(y) = -y - 33. Suppose -14*w = 2797 - 2461. Give h(w).
-9
Let r = -2488 - -2483. Let w(n) = -2*n**2 - 12*n - 3. Calculate w(r).
7
Let y(p) = 2*p**3 - 4*p**2 - 17*p + 109. Let d(u) = -5*u**3 + 11*u**2 + 43*u - 271. Let q(l) = -5*d(l) - 12*y(l). Give q(8).
23
Let r(n) = -4*n + 27. Let v(q) = 157*q - 2669. Let t be v(17). What is r(t)?
27
Let s(b) = -7*b**2 + 9*b + 1. Suppose 248 = -4*r - 2*t + 262, 0 = 4*r + 5*t - 17. Calculate s(r).
-35
Let f be (73/(-2) + -3)*-2. Let j(u) = u**2 + f + u + u - 88. What is j(-6)?
15
Let r(d) = 14*d**2 + 3*d**3 - 3*d**3 - 3*d**3 + 459*d - 5 - 3 - 463*d. Determine r(4).
8
Let t = 114 + -122. Let h = t - -9. Let o(l) = -h - 2*l + 18*l - 4*l + l**2 - 6*l. Calculate o(-7).
6
Suppose 0*f = 3*f. Let y(b) = f - 3 + 3*b - 3. Let n(s) = 2*s**3 - 24*s**2 + 20*s + 26. Let x be n(11). Give y(x).
6
Let a be (-7 - -1)*(11 + (-8)/(432/630)). Let w(z) = 29*z - 15. Calculate w(a).
101
Let z(f) be the second derivative of f**5/20 - f**4/4 - f**3/6 - 7*f**2/2 - 16*f. Let q(v) = 39*v + 668. Let r be q(-17). What is z(r)?
38
Let w(z) = 3079 - 6*z - 1577 - 1556. Calculate w(-19).
60
Let z(h) = 4*h**3 - 4*h**2 + 3*h + 7. Let c(r) = 2*r**3 - 2*r**2 + 2*r + 4. Let y = -248 - -241. Let j(w) = y*c(w) + 4*z(w). What is j(2)?
4
Let f(z) be the third derivative of z**4/3 + 59*z**3/6 + 214*z**2 - 1. Determine f(-3).
35
Let q = -2526 - -2525. Let k(z) = -14*z - 4. Calculate k(q).
10
Let b(q) = -16*q - 1. Let g(l) = l**2 - 8*l + 12. Let t be g(4). Let x be 6/t*2/(-3) - 0. Suppose 5*m - 3 = -3*w, 0 = -w - m + x. Determine b(w).
-17
Suppose 296 = h - 2*v + 322, -4*h - v = 59. Let u(c) = -14*c - 234. Determine u(h).
-10
Let k(b) = 20*b + 14. Let u = 52 - 66. Let f(o) = -7*o - 5. Let h(r) = u*f(r) - 5*k(r). Give h(1).
-2
Let f(g) = 6 - 5*g**2 - 77*g - 9*g + 72*g. Calculate f(-5).
-49
Let s = -423 + 529. Let z(i) = -s + i**3 + 5*i**2 + 2*i - 100 + 208. Calculate z(-5).
-8
Let w(k) = 20 - 42 - 12*k + 12 + 13*k. What is w(-3)?
-13
Let p(j) be the third derivative of -899*j**4/12 + 2*j**2 - 20. Let n(y) = 25*y. Let c(u) = 145*n(u) + 2*p(u). Give c(-1).
-29
Let j(l) = -l. Let r(d) = d**2 - 5*d + 3. Let w(x) = -3*j(x) - r(x). Let p be w(7). Let n(i) = 9*i**2 + 8 - 10*i**2 - 2 + p*i. What is n(5)?
1
Suppose m = -2*v + 9 + 20, -5*v = -3*m + 98. Let n(a) = m - 66 + 13*a + 33 - 3*a. What is n(2)?
18
Let z(d) = -d + 2*d - 32*d - 17 - 3*d. Let m be z(-3). Suppose 3*r - 109 + m = 0. Let b(u) = -u + 14. What is b(r)?
6
Let b(o) = 11*o - 22. Let k(f) = 3*f**3 - 69*f**2 - 45*f + 1030. Let i be k(23). Calculate b(i).
-77
Let l(a) = -a**3 - 18*a**2 + a + 16. Let v = -1668 - -1650. Determine l(v).
-2
Let m be (6/(-4))/(1/2). Let y(w) = 3*w**3 - 7*w**2 + 10*w - 10. Let i be y(3). Let r(f) = i*f**2 - 37*f**2 + 1 - 3*f + 5*f. Determine r(m).
4
Suppose -2 + 7 = 5*z. Let f(u) = -z - 64*u - 77*u + 0 + 122*u. What is f(-1)?
18
Let t(c) = 10*c + 2. Let m(y) = 2*y + 1. Let k(i) = -i - 6. Let z be k(-7). Suppose -3*g + 16 = 28. Let h(j) = g*m(j) + z*t(j). What is h(4)?
6
Suppose -31 = -4*m - 43. Let c be 7 + (1/m - (-48)/(-18)). Suppose -c*u = -10*u. Let t(q) = q**3 - q**2 + q - 4. Determine t(u).
-4
Suppose -3*n - 4*q + 21 = 0, 3*n - 9 = 3*q - 30. Let i(p) = -6*p**2 + p + 2. Determine i(n).
-5
Let t(a) = a**2 + 4*a + 7. Let i be t(-4). Let z be -78*4/28*i. Let c be z/(-12) + (-1)/(-2). Let m(b) = -b**2 + 4*b + 9. What is m(c)?
-12
Suppose 399*r - 5 = 398*r. Let j(z) be the first derivative of r - 1/2*z**2 - 5*z. Calculate j(-7).
2
Let q(y) = -35*y + 70*y - 29*y - 2. Let u(z) = 3*z + 29. Let k be u(-9). Give q(k).
10
Let w(k) = -k**2 + 24*k + 46. Suppose -5*h = 70*h - 1950. Calculate w(h).
-6
Let n(p) = -24*p**2 + 60*p - 4. Let y(m) = -202*m**2 + 478*m - 31. Let v(u) = 17*n(u) - 2*y(u). Give v(16).
-6
Let p(i) = -173*i**2. Let s be p(1). Let a =